z + 20201. Is t prime?
False
Suppose -2*k = -2*m + 14, 3*k - 5*m + 11 = k. Let d(l) = -l**2 - 2*l + 3. Let a be d(k). Is 16735/75 + 6/a composite?
False
Let w = -478 - -3957. Suppose d - w + 1168 = -2*u, 0 = -3*d + 9. Suppose o + 4605 = 4*y, -2*y = -y - 3*o - u. Is y a prime number?
True
Suppose 1165*a + 52775 = 1170*a. Is a prime?
False
Let x = -179230 + 263987. Is x composite?
True
Let x(m) = 6*m**2 + 8*m**3 - 2 - 3*m + 4 + 4 + 2*m. Suppose 0 = -k - 2*k - 3*h + 27, 2*h = -4*k + 28. Is x(k) composite?
False
Suppose -483*a - 47650265 = -555*a - 15645041. Is a prime?
True
Let i = 35496 - 20324. Let d = i - 10637. Is d a prime number?
False
Let q = 146 - 149. Is (2/((-2)/q))/((-105)/(-170135)) composite?
False
Let z be 5/(35/(-3)) - (-213)/7. Let w be (z/5)/3*(-1018)/(-4). Let x = -256 + w. Is x a prime number?
False
Suppose 43 = 8*x - 7*x. Suppose 0 = 3*k - 6, 5*u + 4*k + x = -59. Is u/121 + 10322/22 a prime number?
False
Is (-108097544)/(-724)*3/2 a composite number?
True
Suppose -5*b = -70694 + 2629. Let f = 20084 - b. Suppose -f = -5*y + 4294. Is y prime?
True
Let j = -3450 + 5671. Suppose 4*n = -4*u + 2952, 0 = 3*n - 0*u - 4*u - j. Is n a prime number?
True
Let w(l) = l**3 - 15*l**2 + 21*l + 20. Let k be w(14). Let g = -121 + k. Is 2 - 37*(0 + (g - 20)) composite?
False
Let f(k) = 11*k**2 + k - 31. Let n = -153 - -107. Let h = -55 - n. Is f(h) a prime number?
False
Suppose k = 2*k. Let z(d) = -d**2 + 7*d + 4. Let c be z(7). Suppose -f = 2*i - 0*i - 3812, k = -c*f. Is i a composite number?
True
Let n = -31231 - -139634. Is n a composite number?
True
Is 16/(-128)*-56 + 0 + 56256 a composite number?
False
Suppose 4*y - 411731 = 5*c, -4*y + 333*c + 411710 = 335*c. Is y a composite number?
False
Suppose 10*z = 11*z + 9. Is (-13479)/z - ((-4)/(-6) - 0) prime?
False
Suppose a - 44*z + 46*z - 6293 = 0, -2*z + 12588 = 2*a. Suppose -6*u + 31501 - a = 0. Is u a composite number?
False
Suppose 0 = r - 819 + 4887. Is -3 + r/27*(2 + -5) a composite number?
False
Suppose 5*o + 3*v = 611506, 5*v - 366912 = -3*o + 2*v. Is o prime?
False
Let m(p) = 2*p**3 - 11*p**2 - 12*p + 47. Let w be m(-15). Let c = 14135 + w. Is c a composite number?
True
Let i = 106 + -101. Suppose -15 = 5*h + q - 6, h - i*q = -7. Is (122889/39)/((4/(-2))/h) a composite number?
True
Let b(i) = 28*i**2 - i - 18. Let j = -96 + 83. Let w be (-1)/((-2)/j) + 6/(-12). Is b(w) prime?
True
Let c = -9 + 10. Let y be (-8 - -12) + -4 + c. Is ((-8)/2)/y + (28 - -38) prime?
False
Suppose 3*w - 11 = 6*b - 7*b, -2*w = -3*b + 11. Suppose 10 = w*t - 0. Suppose t*p = 2*p + 477. Is p prime?
False
Suppose 20 = 2*b - 2. Suppose b - 67 = -4*i. Is (-8427)/(-21) - (32/i + -2) prime?
True
Let x(s) = -4 + 45*s**2 - 6*s + 5*s**2 - 8. Let d be x(7). Is ((-5)/(-15))/(1/(-3)) + d composite?
True
Let i(j) = -141458*j + 477. Is i(-1) prime?
False
Suppose 364*k = -164*k + 45987216. Is k composite?
True
Suppose -2471703 - 9097214 = -55*n + 17336168. Is n composite?
True
Suppose 6*g + 3 = 9*g. Let a be -489 + 3 + 0 + (g - -2). Let w = 74 - a. Is w a prime number?
True
Let f = -40 + 16. Let c = 32 + f. Suppose c*q = 2*q + 1266. Is q composite?
False
Let c(k) = 54 - 33 + 188*k + 66*k. Let a = -51 + 58. Is c(a) a composite number?
True
Suppose 2*w - 4*t - 76 = 0, -5*t - 15 = -5. Suppose 22 = -3*i + w. Suppose -y + 927 = -2*p, -i*y - 5*p = -3*p - 3758. Is y a prime number?
True
Let t(m) = 267*m**2 - 120*m + 26. Let n be t(-23). Suppose 5*z + 3*g = n, 28522 = z - 4*g - 293. Is z composite?
False
Let c = 37967 + -12790. Is c a prime number?
False
Let o = -121 + 129. Suppose o = a - k, -k + 9 = -4*k. Suppose 0 = a*h - 6*h + m + 3713, 3*h = 4*m + 11141. Is h composite?
True
Let b be 6*(16656/56)/((-1)/(-7)). Suppose -3*r + b = 3*s, 10755 = 4*r + 5*s - 5896. Is r prime?
False
Suppose 120*h = 119*h + 148. Suppose -h*s + 133*s = -286815. Is s a prime number?
True
Suppose 7*b - 32486340 = -53*b. Is b a prime number?
True
Let y = 112806 + -13163. Is y a composite number?
False
Let i = 24 + -25. Is i*((-2)/(-18) + (-84812)/126) a composite number?
False
Suppose 10 = 2*n, 4*j - 2*n - 1153610 = -250540. Suppose -29*w + j = -19*w. Is w prime?
False
Suppose 225 + 208 = h - 5*g, 0 = 4*h - 5*g - 1747. Suppose -4*m = -2*s + h, -3*s + 793 = -m + 156. Is s composite?
False
Suppose 2*y + 1250 = -0*r - r, 0 = -y - 2*r - 622. Let q = -2449 - y. Let s = -934 - q. Is s prime?
False
Let l be 346/14 - 10/(-35). Let t = l - 19. Is ((-4)/t*5)/((-4)/222) prime?
False
Let c(a) be the first derivative of 773*a**3/3 - 5*a**2 - 4*a - 59. Is c(5) a prime number?
False
Suppose 0 = -24*d + 130 + 38. Suppose -d*q = -39503 + 1108. Is q composite?
True
Suppose -109 = -6*d + 11. Let m(b) = b**2 - 7*b + 25. Let i be m(d). Suppose 10*f = i + 3685. Is f a prime number?
True
Suppose -3*f + 14 = a, -2*a + 4*f = 5*f - 13. Let q(g) = 15*g**3 - 5*g**2 + 6*g - 8. Let v be q(a). Suppose 0 = -11*c + 7*c + v. Is c a composite number?
False
Suppose 0 = 3*c - 5*z - 32, -3*z = 4*c - 4 - 0. Let m(p) = 257*p + 15. Is m(c) a prime number?
False
Let v = 1 + 7. Suppose 4*j - 2*c = -8, 2*c - v = j - 5*j. Is (j - -3)/(24/38888) a prime number?
True
Let d be -8*15/(-80)*-2*191. Let c = 2624 + d. Is c composite?
True
Let b be (-2 + -8)/5*2. Let d = 2 - 0. Is (-6147)/18*b/d a composite number?
False
Let z(n) = -4285*n**3 - 10*n**2 - 31*n - 31. Is z(-2) prime?
False
Let r = 161285 + -50050. Is r composite?
True
Let m(c) = 82*c**2 - 29*c + 12. Let g be m(5). Let v = 1504 + g. Is v prime?
False
Let g = 183 - 179. Suppose -2*k = -g*r - 35230, 4*k - 6*k + 35216 = 3*r. Is k a prime number?
False
Let t = 149 + -179. Is (-1797*(-2)/t)/((-1)/5) composite?
False
Let u(p) = -11*p**2 - p + 1. Let r be u(-1). Let n = r - -31. Suppose -y = y - n. Is y a composite number?
False
Suppose -5*d = 4*o - 428619, o - 5*d - 78827 = 28359. Is o prime?
False
Let v(o) = 239*o + 46. Let c be v(7). Let n = c - 1018. Is n prime?
True
Suppose 59*k - 60*k - 165219 = -3*w, 0 = 4*w - 4*k - 220292. Is w prime?
True
Suppose 10*t - 49121 = -17491. Is t a prime number?
True
Let r be 9781 + (1 - (1 + 3)). Suppose 8*p + 5*w - 48980 = 3*p, -r = -p + 5*w. Is p prime?
False
Suppose -i - 8255 = -4*f, -573*f + 6204 = -570*f - 5*i. Is f a prime number?
True
Is (-9157144)/(-12) - 225/(-135) prime?
False
Let c = 120 - 120. Suppose -w - 4*l + 17253 = c, 2*l + 17218 = w - l. Is w composite?
True
Let n(l) = -l**3 + 6*l**2 - 6*l + 8. Let y be n(5). Suppose y*t = 3*s - 8757, -15*t + 11674 = 4*s - 20*t. Is s a composite number?
True
Let i(v) = -v**3 - v + 5. Let a be i(0). Suppose -a*p + 0*p = 4*q - 11749, 3*q = -3*p + 7047. Suppose -4*s = -b - 1895, b = 5*s + 5*b - p. Is s composite?
True
Let j be -126*(-1 + 9/6). Let t be (j/27)/((-2)/(-12)). Is t/(-42) - (-34)/6 prime?
False
Let d = 378 - 180. Let b(t) = -1 - 156*t**3 + t - 3*t**2 + d*t**3 + 6. Is b(3) a composite number?
True
Suppose -20*q = -2*u - 18*q + 114944, 3*u - 172430 = q. Is u a composite number?
True
Suppose 142*b = 46653526 + 29732392. Is b a composite number?
True
Let h(y) = -y + 1. Let b be h(-3). Suppose v + 12 = b*v. Suppose 41 = 2*o - f - 4*f, f = -v*o + 49. Is o prime?
True
Let v(w) = -w**3 + 18*w**2 - 18*w + 50. Suppose -5*a - 23 = -108. Is v(a) a composite number?
True
Let p = -11 - -17. Suppose -4*z + p*z - 5*n - 481 = 0, 2*z - 4*n = 486. Let f = 462 - z. Is f prime?
False
Suppose 2*k + o - 4 = 0, 5*k = -0*k + 3*o + 10. Let c(a) = 196*a + 5*a**2 - 170*a - 3*a**k + 3. Is c(13) prime?
False
Let l = 38307 - -8900. Is l composite?
False
Let x(k) = k**3 - 4*k**2 - 4*k + 2. Let h be x(5). Let b(n) = n**3 + n**2 - 18*n - 12. Is b(h) prime?
False
Let j be (-44820)/(-378) + (-3)/(-7). Let n = j + 354. Is n a prime number?
False
Let y = -311 - -314. Suppose 5559 = y*o + 3*n, 5*o - 4*n + 2310 = 11575. Is o a composite number?
True
Suppose 335137 = 3*s - 2*k, -9*k + 558576 = 5*s + 2*k. Is s composite?
True
Suppose 0 = 3*p + 2*u - 7*u - 35, 3*p - 3*u = 27. Suppose p*j = 5*s + 21200, 4*j - 16996 = s - 6*s. Suppose 0 = -30*l + 26*l + j. Is l a prime number?
True
Is (-12)/(-224)*818408 + (-2)/7 a composite number?
True
Suppose 0 = 4*r + 3*m - 143546, 4*m - 198996 + 19565 = -5*r. Is r a prime number?
False
Let s(h) = h**2 - 17*h - 13. Let c be s(18). Suppose 0 = c*k + 3*l - 7, -